e prime factors of i(5)?
31
Let w be -2*(-3 - 4/(-2)). Suppose w*r + 24 = -10. Let f = -15 - r. What are the prime factors of f?
2
Suppose -20*f + 47362 = -29598. List the prime factors of f.
2, 13, 37
Let x be 22/4 - 7/14. Suppose 4*d - 34 = -3*j, -46 = -x*j - 5*d + d. What are the prime factors of j/4*18 + 1?
2, 7
What are the prime factors of (-115)/(((-45)/(-5))/(-234))?
2, 5, 13, 23
Suppose 4*o = 4*u - 5*u - 3, o = -5*u + 4. Let g(t) = 95*t**3 + t**2 - 2. List the prime factors of g(u).
2, 47
Suppose 17*z - 13*z = 28. Suppose -2*g + 255 = -z*g. Let i = 86 + g. List the prime factors of i.
5, 7
Let j be 24/(-1) - (3 - 3). Let s be ((-3)/(-6))/(2/j). List the prime factors of s/(-36) - 87/(-18).
5
What are the prime factors of 8/36 + (-1 - (-6487)/9)?
2, 3, 5
Let y = 25 + 18. Suppose 706 - y = 13*o. List the prime factors of o.
3, 17
Suppose 0 = -4*x + 13*x - 306. List the prime factors of x.
2, 17
Let x be 1000/35 - 12/21. Let z be 38/14 - x/(-98). Suppose -60 = -5*c - 5*a, 3*a - 6 = z*c - 36. What are the prime factors of c?
11
Suppose -3*g + 2*b = -g - 168, -g - b + 84 = 0. Let i be (g/(-70))/(3/(-10)). Suppose -i*o + 3 = -105. What are the prime factors of o?
3
Let f be ((-6)/12)/(1/(-1044)). Suppose -6*q - f = -12*q. What are the prime factors of q?
3, 29
Suppose -9*s + 16842 = 1407. What are the prime factors of s?
5, 7
Let q(c) = c + 21. Let v be q(-18). Suppose 3*x - 189 = 3*z, 138 = -x + v*x + z. List the prime factors of x.
67
Suppose -4 = 2*f - 6*f. Suppose 3*t + 16 = -t + a, 4*a - f = -5*t. What are the prime factors of ((-1 - t) + -3)*-31?
31
Let f(h) be the third derivative of 7*h**5/10 + h**4/12 + h**3/6 + 2*h**2. Suppose -2*d + 1 = 5*k, -5*k + 4*d - 17 = -0. What are the prime factors of f(k)?
41
Let i(o) be the third derivative of 0*o + 4*o**2 + 1/120*o**6 - 5/6*o**3 - 1/8*o**4 + 1/15*o**5 + 0. List the prime factors of i(-4).
7
Let g(t) = 2*t**3 - 19*t**2 + 10*t + 22. Suppose 2*y + 2*c = 3*y - 15, -5*c + 21 = 4*y. What are the prime factors of g(y)?
31
Suppose 2692*v = 2675*v + 30804. What are the prime factors of v?
2, 3, 151
Suppose 5*t - 2*r = 0, 2*t - t = 3*r - 13. Let a(j) = -2 + 3 - 10*j + 9*j**2 - j**3 - t. List the prime factors of a(7).
3
Let k = 31 - 29. Let a(g) = 22*g - 2. What are the prime factors of a(k)?
2, 3, 7
Suppose 3*n + 4*i + 8 = 0, -4*n + 4 = -0*n - 2*i. Suppose 0*z - 4*z + 20 = n. Suppose q - b - 20 = -4*q, 0 = -5*q + z*b. What are the prime factors of q?
5
What are the prime factors of (-73)/((-34)/34 + (-26)/(-28))?
2, 7, 73
Suppose 2*i + 168 = 3*j, -4*j - 2*i + 213 = -i. Suppose -3*y + 69 = -j. List the prime factors of y.
41
Suppose -2*i + 18 = -7*u + 5*u, -3*u = 3*i + 3. Suppose -5*h + 1032 = 3*x, i*h + 4*x - 448 - 384 = 0. List the prime factors of h.
2, 3, 17
Suppose 3*w - 18 - 1 = -2*y, 2*w + 3*y = 21. Let f be w*1*2/3. Let g(j) = 6*j**2 + 2*j - 1. What are the prime factors of g(f)?
3
Suppose 22*l + 3909 - 14227 = 0. List the prime factors of l.
7, 67
Let s(b) = -229*b - 11. What are the prime factors of s(-10)?
43, 53
Let b be (-4)/1*(-105)/(-5). Let q be (9 - b) + 4*1. List the prime factors of 18/81 - q/(-9).
11
Let n(s) = 7*s**2 - 4*s + 6. Let y = 92 + -97. List the prime factors of n(y).
3, 67
Let i be (-19)/(-152) - (-94)/16. Suppose -m + i*m = 230. List the prime factors of m.
2, 23
Suppose 5*u + 2*x = 33, 0 = 3*u + u + 3*x - 32. Suppose w + i + 2 = -18, w + 20 = -u*i. Let t = w + 25. What are the prime factors of t?
5
Let i(l) = l**3 + 5*l**2 + 3*l - 2. Let p be i(-4). Let x = -82 + 82. Suppose x*m = p*m - 10. List the prime factors of m.
5
Suppose -t + 0*t = 0. Suppose t = y - 3*a + 160, 0 = -3*y + 2*y + 5*a - 164. List the prime factors of 44/y - (-184)/7.
2, 13
Suppose i - 10 + 5 = 0, 0 = f - 2*i - 254. What are the prime factors of f?
2, 3, 11
Let o(v) = 57*v + 7. Let i be o(9). Suppose -4*d + 0*d + i = 0. What are the prime factors of d?
2, 5, 13
Suppose -53 - 71 = 2*y. Let t = 104 + y. Suppose i - 6 = t. What are the prime factors of i?
2, 3
Suppose -6*a - 1914 + 9240 = 0. List the prime factors of a.
3, 11, 37
Let q(u) = 10*u**2 + 7 + u - 3 + 10 + u**3. Let s be q(-10). List the prime factors of 2/(s/(-6)) - -42.
3, 13
Let h(w) = -10*w**2 - 21*w. Let m(z) = -5*z**2 - 10*z. Let j(i) = -2*h(i) + 5*m(i). Let o be j(6). Let l = -157 - o. List the prime factors of l.
71
What are the prime factors of (-940)/(-3*(-4)/(-6))?
2, 5, 47
Suppose d - 3*d - 4 = 0. What are the prime factors of d*4/(-16)*(345 - -1)?
173
Suppose -6*o - 8652 = -18*o. What are the prime factors of o?
7, 103
Suppose -c = 2*t - 893, 6*t + 3*c = 10*t - 1791. List the prime factors of t.
3, 149
Let t(a) = -79*a**2 + 5*a - 11. Let q(g) = -2 - 2*g - 2 - 26*g**2 + 2*g + 2*g. Let w(y) = 8*q(y) - 3*t(y). List the prime factors of w(-1).
29
Suppose -1603 = -4*u - c, 0 = -5*u + 3*c - 6*c + 2009. Suppose 0 = 4*t - 4*v - u, -4*t - 2*v + 360 = 2*v. What are the prime factors of t?
5, 19
Let s(d) = 111*d**2 - 2*d + 2. Let g be s(1). Let y = g + -40. Let q = y - 41. List the prime factors of q.
2, 3, 5
Let o(g) = g**2 - 4*g - 3*g + 2*g - 9. Let x be o(10). Suppose x = i + a, -2*a = -5*i - 56 + 275. What are the prime factors of i?
43
Let u = 640 - 447. What are the prime factors of u?
193
Suppose -5*z - 2*p + 50 = 0, -4*z + 5*p = 3*p - 22. Suppose -1 - z = -3*b. Suppose 2*s + r - 21 = 2*r, b*r = -3. List the prime factors of s.
2, 5
Let q = -40 + 86. List the prime factors of q*(4/7)/((-28)/(-98)).
2, 23
Suppose 5*d + 11 = -59. Let y(q) = -q - 9. Let x be y(d). Suppose -f = -2 + 6, 100 = 4*o + x*f. List the prime factors of o.
2, 3, 5
Suppose -2*g + 15 + 547 = -2*x, 5*x = 2*g - 556. List the prime factors of g.
283
Let q(w) = w**2 - 7*w + 6. Let k be q(7). Suppose -6*a - k = -9*a. Suppose 2*h - 24 = a. What are the prime factors of h?
13
Let o = 1652 + -872. Suppose -o = -285*f + 282*f. What are the prime factors of f?
2, 5, 13
Suppose 40*v - 4540 = 30*v. List the prime factors of v.
2, 227
Let d(f) = f**2 - 6*f + 22. List the prime factors of d(-8).
2, 67
Suppose 2*f + 46*f = 1680. What are the prime factors of f?
5, 7
Suppose -12*p + 1030 = -7*p. Suppose 0 = 4*k - 2*k - p. List the prime factors of k.
103
Let c(z) = 21*z - 24. Let b(g) = -6*g + 11. Let f be b(0). List the prime factors of c(f).
3, 23
Suppose 0 = -30*l + 24*l + 1182. List the prime factors of l.
197
Suppose 383*y = 380*y + 246. What are the prime factors of y?
2, 41
What are the prime factors of (-2 - 1)/(6/(-50))?
5
Suppose 5*z - 4*s = 18, 3*s - s = -2*z. Suppose 5 = -z*u - 7. Let a(o) = -o**3 - 5*o**2 + 7*o + 8. List the prime factors of a(u).
2
Let p(f) = -2*f**3 + 11*f + 3. What are the prime factors of p(-5)?
2, 3, 11
Let s(n) = -n**2 - 32*n - 24. What are the prime factors of s(-16)?
2, 29
Suppose 12 = 4*q - q. Let y be (-1 + q)*(-2)/(-3). Let p = 17 - y. What are the prime factors of p?
3, 5
Let a = -19 + 20. Let z be 10 - ((4 - a) + 1). Suppose o = -5*y + 66, 2*y - z*o = -o + 21. What are the prime factors of y?
13
Suppose 4*y + 0*n - 17 = 3*n, 0 = -y - 4*n + 9. Suppose -y*m + 300 = -3*i, -5*i = -0*i - 25. List the prime factors of m.
3, 7
Let w be ((-54)/12)/3 - 22/(-4). List the prime factors of (-5910)/(-45) + w/6.
2, 3, 11
Let t(p) = p**2 - 10*p - 11. Let h be t(11). Suppose -2*i - 3*i + 245 = h. Suppose -3*r - 1 = -i. What are the prime factors of r?
2
Let l be (0 + 975)*(-4)/(-12). Suppose 2*i - 118 = 2*k, -5*i - 2*k + k = -l. List the prime factors of i.
2
Suppose -3*p = -857 - 175. List the prime factors of p.
2, 43
Let p be (2 + -1)*17*(-2 - 4). Let k = p + 171. What are the prime factors of k?
3, 23
Suppose 6637 = -9*k + 35104. List the prime factors of k.
3163
Let p be (-6)/(-2) + (-76)/4. Let n = 21 + p. Suppose 0 = -n*j + 10 + 25. List the prime factors of j.
7
Let t(i) be the first derivative of -i**4/4 - 13*i**3/3 + 6*i**2 - 2*i - 5. Let b be t(-14). What are the prime factors of (-4)/b + 366/13?
2, 7
Suppose -43*d + 40*d = 156. List the prime factors of (0 - d)/(-1*(4 - 6)).
2, 13
Let g be 63/(-147) + (-1644)/(-14). Suppose -6*u + g + 105 = 0. List the prime factors of u.
37
Suppose 0 = -2*y + 3 + 7. Suppose -4*a + 2*a - 1 = y*d, 3*a = -5*d + 1. Suppose 5*t = a*w + 3*w - 165, 4*w - 3*t - 137 = 0. List the prime factors of w.
2, 1